{"id":72922,"date":"2018-11-14T12:52:43","date_gmt":"2018-11-14T11:52:43","guid":{"rendered":"https:\/\/www.zsben.cz\/wordpress\/?page_id=72922"},"modified":"2019-02-23T21:41:55","modified_gmt":"2019-02-23T20:41:55","slug":"skolni-druzina","status":"publish","type":"page","link":"https:\/\/www.zsben.cz\/wordpress\/?page_id=72922","title":{"rendered":"\u0160koln\u00ed dru\u017eina"},"content":{"rendered":"<h2 style=\"text-align: center;\">\u0160KOLN\u00cd DRU\u017dINA<\/h2>\n<p><a href=\"https:\/\/www.zsben.cz\/wordpress\/wp-content\/uploads\/2019\/02\/logo-\u0160D.jpg\"><img loading=\"lazy\" decoding=\"async\" class=\"aligncenter size-medium wp-image-74389\" src=\"https:\/\/www.zsben.cz\/wordpress\/wp-content\/uploads\/2019\/02\/logo-\u0160D-500x234.jpg\" alt=\"\" width=\"500\" height=\"234\" srcset=\"https:\/\/www.zsben.cz\/wordpress\/wp-content\/uploads\/2019\/02\/logo-\u0160D-500x234.jpg 500w, https:\/\/www.zsben.cz\/wordpress\/wp-content\/uploads\/2019\/02\/logo-\u0160D-150x70.jpg 150w, https:\/\/www.zsben.cz\/wordpress\/wp-content\/uploads\/2019\/02\/logo-\u0160D-768x360.jpg 768w, https:\/\/www.zsben.cz\/wordpress\/wp-content\/uploads\/2019\/02\/logo-\u0160D-1024x480.jpg 1024w, https:\/\/www.zsben.cz\/wordpress\/wp-content\/uploads\/2019\/02\/logo-\u0160D.jpg 1776w\" sizes=\"auto, (max-width: 500px) 100vw, 500px\" \/><\/a><\/p>\n<br><br><div class=\"row\"><div class=\"col-sm-12 aktuality-header text-center\">Aktuality<\/div><\/div><ul class=\"aktuality\"><li>\n      <a href=\"https:\/\/www.zsben.cz\/wordpress\/?p=137410\" class=\"container-fluid aktuality-post\">\n        <div class=\"row\"><div class=\"col-sm-2\">\n              <div class=\"aktuality-image\"><img decoding=\"async\" src=\"https:\/\/www.zsben.cz\/wordpress\/wp-content\/gallery\/kooper\/\/thumbs\/thumbs_1777112221911.jpg\" class=\"center-block\" alt=\"post image\"><\/div>\n          <\/div>\n          <div class=\"col-sm-10\"><div class=\"row\">\n              <div class=\"col-sm-12\"><div class=\"aktuality-title\">Den Zem\u011b ve \u0161koln\u00ed dru\u017ein\u011b<\/div><\/div>\n            <\/div>\n            <div class=\"row\">\n              <div class=\"col-sm-12\"><div class=\"aktuality-content\">Den Zem\u011b, kter\u00fd si ka\u017edoro\u010dn\u011b p\u0159ipom\u00edn\u00e1me 22. dubna, je v\u011bnov\u00e1n ochran\u011b na\u0161\u00ed planety a vede k zamy\u0161len\u00ed nad t\u00edm, jak sv\u00fdm chov\u00e1n\u00edm ovliv\u0148ujeme \u017eivotn\u00ed prost\u0159ed\u00ed kolem n\u00e1s. Tak\u00e9 v na\u0161\u00ed \u0161koln\u00ed dru\u017ein\u011b...<\/div><\/div>\n            <\/div>\n          <\/div>\n        <\/div>\n      <\/a>\n    <\/li><li>\n      <a href=\"https:\/\/www.zsben.cz\/wordpress\/?p=137322\" class=\"container-fluid aktuality-post\">\n        <div class=\"row\"><div class=\"col-sm-2\">\n              <div class=\"aktuality-image\"><img decoding=\"async\" src=\"https:\/\/www.zsben.cz\/wordpress\/wp-content\/gallery\/trilopark\/\/thumbs\/thumbs_1776200427264.jpg\" class=\"center-block\" alt=\"post image\"><\/div>\n          <\/div>\n          <div class=\"col-sm-10\"><div class=\"row\">\n              <div class=\"col-sm-12\"><div class=\"aktuality-title\">V\u00fdlet \u0161koln\u00ed dru\u017einy do Triloparku<\/div><\/div>\n            <\/div>\n            <div class=\"row\">\n              <div class=\"col-sm-12\"><div class=\"aktuality-content\">T\u0159et\u00ed a dev\u00e1t\u00e9 odd\u011blen\u00ed \u0161koln\u00ed dru\u017einy se v dubnu vydalo na zaj\u00edmav\u00fd v\u00fdlet do Triloparku, kde jsme se spole\u010dn\u011b pono\u0159ili do d\u00e1vn\u00e9 historie na\u0161\u00ed planety. Hned po p\u0159\u00edchodu n\u00e1s p\u0159iv\u00edtali mil\u00ed lekto\u0159i,...<\/div><\/div>\n            <\/div>\n          <\/div>\n        <\/div>\n      <\/a>\n    <\/li><li>\n      <a href=\"https:\/\/www.zsben.cz\/wordpress\/?p=137101\" class=\"container-fluid aktuality-post\">\n        <div class=\"row\"><div class=\"col-sm-2\">\n              <div class=\"aktuality-image\"><img decoding=\"async\" src=\"https:\/\/www.zsben.cz\/wordpress\/wp-content\/gallery\/sd-1-55\/\/thumbs\/thumbs_1775543064514.jpg\" class=\"center-block\" alt=\"post image\"><\/div>\n          <\/div>\n          <div class=\"col-sm-10\"><div class=\"row\">\n              <div class=\"col-sm-12\"><div class=\"aktuality-title\">Ohl\u00e9dnut\u00ed za b\u0159eznem ve \u0161koln\u00ed dru\u017ein\u011b<\/div><\/div>\n            <\/div>\n            <div class=\"row\">\n              <div class=\"col-sm-12\"><div class=\"aktuality-content\">P\u0159in\u00e1\u0161\u00edme mal\u00e9 ohl\u00e9dnut\u00ed za b\u0159eznem ve \u0161koln\u00ed dru\u017ein\u011b. Tento m\u011bs\u00edc byl ve v\u0161ech odd\u011blen\u00edch pln\u00fd aktivit, tvo\u0159en\u00ed a spole\u010dn\u00fdch z\u00e1\u017eitk\u016f. Pod\u00edvejte se na v\u00fdb\u011br fotografi\u00ed, kter\u00e9 zachycuj\u00ed, co v\u0161echno se...<\/div><\/div>\n            <\/div>\n          <\/div>\n        <\/div>\n      <\/a>\n    <\/li><li>\n      <a href=\"https:\/\/www.zsben.cz\/wordpress\/?p=136472\" class=\"container-fluid aktuality-post\">\n        <div class=\"row\"><div class=\"col-sm-2\">\n              <div class=\"aktuality-image\"><img decoding=\"async\" src=\"https:\/\/www.zsben.cz\/wordpress\/wp-content\/themes\/zsben-theme\/assets\/img\/aktlogo.png\" class=\"center-block\" alt=\"V\u00fdchoz\u00ed\"><\/div>\n          <\/div>\n          <div class=\"col-sm-10\"><div class=\"row\">\n              <div class=\"col-sm-12\"><div class=\"aktuality-title\">T\u00fdden z\u00e1jmov\u00fdch krou\u017ek\u016f 2026<\/div><\/div>\n            <\/div>\n            <div class=\"row\">\n              <div class=\"col-sm-12\"><div class=\"aktuality-content\"> <\/div><\/div>\n            <\/div>\n          <\/div>\n        <\/div>\n      <\/a>\n    <\/li><li>\n      <a href=\"https:\/\/www.zsben.cz\/wordpress\/?p=135837\" class=\"container-fluid aktuality-post\">\n        <div class=\"row\"><div class=\"col-sm-2\">\n              <div class=\"aktuality-image\"><img decoding=\"async\" src=\"https:\/\/www.zsben.cz\/wordpress\/wp-content\/gallery\/mobilni-planetarium\/\/thumbs\/thumbs_1773352009611.jpg\" class=\"center-block\" alt=\"post image\"><\/div>\n          <\/div>\n          <div class=\"col-sm-10\"><div class=\"row\">\n              <div class=\"col-sm-12\"><div class=\"aktuality-title\">Mobiln\u00ed planet\u00e1rium ve \u0161koln\u00ed dru\u017ein\u011b<\/div><\/div>\n            <\/div>\n            <div class=\"row\">\n              <div class=\"col-sm-12\"><div class=\"aktuality-content\">Dne 11. b\u0159ezna nav\u0161t\u00edvilo na\u0161i \u0161koln\u00ed dru\u017einu mobiln\u00ed planet\u00e1rium s programem \u201ePodmo\u0159sk\u00fd sv\u011bt\u201c. Programu se z\u00fa\u010dastnily d\u011bti z 1., 3. a 8. odd\u011blen\u00ed. Mobiln\u00ed planet\u00e1rium bylo postaveno p\u0159\u00edmo v...<\/div><\/div>\n            <\/div>\n          <\/div>\n        <\/div>\n      <\/a>\n    <\/li><\/ul><div class=\"row aktuality-links\"><div class=\"col-sm-9 col-md-10 text-center\"><ul class=\"aktuality pagination\"><li><span aria-current=\"page\" class=\"page-numbers current\">1<\/span><\/li><li><a class=\"page-numbers\" href=\"https:\/\/www.zsben.cz\/wordpress\/index.php\/?paged=2&#038;rest_route=%2Fwp%2Fv2%2Fpages%2F72922\">2<\/a><\/li><li><a class=\"page-numbers\" href=\"https:\/\/www.zsben.cz\/wordpress\/index.php\/?paged=3&#038;rest_route=%2Fwp%2Fv2%2Fpages%2F72922\">3<\/a><\/li><li><span class=\"page-numbers dots\">&hellip;<\/span><\/li><li><a class=\"page-numbers\" href=\"https:\/\/www.zsben.cz\/wordpress\/index.php\/?paged=22&#038;rest_route=%2Fwp%2Fv2%2Fpages%2F72922\">22<\/a><\/li><li><a class=\"next page-numbers\" href=\"https:\/\/www.zsben.cz\/wordpress\/index.php\/?paged=2&#038;rest_route=%2Fwp%2Fv2%2Fpages%2F72922\">\u00bb<\/a><\/li><\/ul><\/div><div class=\"col-sm-3 col-md-2 txt-align\"><a href=\".\/?p=3509\" id=\"archiv-link\">Archiv<\/a><\/div><\/div>\n<div class=\"fcbkbttn_buttons_block\" id=\"fcbkbttn_left\"><div class=\"fcbkbttn_like \"><div class=\"fb-like fb-like-button_count\" data-href=\"https:\/\/www.zsben.cz\/wordpress\/?page_id=72922\" data-colorscheme=\"light\" data-layout=\"button_count\" data-action=\"like\"  data-size=\"small\"><\/div><\/div><div class=\"fb-share-button  \" data-href=\"https:\/\/www.zsben.cz\/wordpress\/?page_id=72922\" data-type=\"button_count\" data-size=\"small\"><\/div><\/div>","protected":false},"excerpt":{"rendered":"<p>\u0160KOLN\u00cd DRU\u017dINA<\/p>\n","protected":false},"author":33,"featured_media":0,"parent":0,"menu_order":0,"comment_status":"closed","ping_status":"closed","template":"druzina_custom.php","meta":{"ngg_post_thumbnail":0,"footnotes":""},"class_list":["post-72922","page","type-page","status-publish","hentry"],"_links":{"self":[{"href":"https:\/\/www.zsben.cz\/wordpress\/index.php?rest_route=\/wp\/v2\/pages\/72922","targetHints":{"allow":["GET"]}}],"collection":[{"href":"https:\/\/www.zsben.cz\/wordpress\/index.php?rest_route=\/wp\/v2\/pages"}],"about":[{"href":"https:\/\/www.zsben.cz\/wordpress\/index.php?rest_route=\/wp\/v2\/types\/page"}],"author":[{"embeddable":true,"href":"https:\/\/www.zsben.cz\/wordpress\/index.php?rest_route=\/wp\/v2\/users\/33"}],"replies":[{"embeddable":true,"href":"https:\/\/www.zsben.cz\/wordpress\/index.php?rest_route=%2Fwp%2Fv2%2Fcomments&post=72922"}],"version-history":[{"count":9,"href":"https:\/\/www.zsben.cz\/wordpress\/index.php?rest_route=\/wp\/v2\/pages\/72922\/revisions"}],"predecessor-version":[{"id":74393,"href":"https:\/\/www.zsben.cz\/wordpress\/index.php?rest_route=\/wp\/v2\/pages\/72922\/revisions\/74393"}],"wp:attachment":[{"href":"https:\/\/www.zsben.cz\/wordpress\/index.php?rest_route=%2Fwp%2Fv2%2Fmedia&parent=72922"}],"curies":[{"name":"wp","href":"https:\/\/api.w.org\/{rel}","templated":true}]}}