{"id":48172,"date":"2017-01-05T22:18:39","date_gmt":"2017-01-05T21:18:39","guid":{"rendered":"http:\/\/www.zsben.cz\/wordpress\/?page_id=48172"},"modified":"2025-10-31T13:14:32","modified_gmt":"2025-10-31T12:14:32","slug":"skolni-specialni-pedagog","status":"publish","type":"page","link":"https:\/\/www.zsben.cz\/wordpress\/?page_id=48172","title":{"rendered":"\u0160koln\u00ed speci\u00e1ln\u00ed pedagog"},"content":{"rendered":"<h1 style=\"text-align: center;\">\u0160koln\u00ed speci\u00e1ln\u00ed pedagog<\/h1>\n<div class=\"panel panel-default\">\n<div class=\"panel-body\">\n<h3 style=\"text-align: center;\"><a href=\"..\/dokumenty\/SPP\/JanaBur.pdf\"><strong>PhDr. Jana Burdov\u00e1<\/strong><\/a><\/h3>\n<ul class=\"list-group no-left-margin no-bottom-margin\">\n<li class=\"list-group-item\">\n<div class=\"row\">\n<div class=\"col-sm-4\">email:<\/div>\n<div class=\"col-sm-8\">burdova(zavin\u00e1\u010d)zsben.cz<\/div>\n<\/div>\n<\/li>\n<li class=\"list-group-item\">\n<div class=\"row\">\n<div class=\"col-sm-4\">telefon:<\/div>\n<div class=\"col-sm-8\">317 765 111<\/div>\n<\/div>\n<\/li>\n<li class=\"list-group-item\">\n<div class=\"row\">\n<div class=\"col-sm-4\">konzulta\u010dn\u00ed hodiny:<\/div>\n<div class=\"col-sm-8\">\n<div class=\"row\">\n<div class=\"col-sm-12\">\n<p>Pond\u011bl\u00ed&nbsp; 14:35 -15:20 \u2013 u\u010ditel\u00e9<br \/>\nPond\u011bl\u00ed&nbsp; 15:20 \u2013 16:05 \u2013 rodi\u010de<br \/>\n\u010ctvrtek&nbsp; 12:45 \u2013 13:30 \u2013 u\u010ditel\u00e9<\/p>\n<\/div>\n<div class=\"col-sm-12\">D\u00e1le dle dohody e-mailem nebo telefonicky<\/div>\n<\/div>\n<\/div>\n<\/div>\n<\/li>\n<\/ul>\n<\/div>\n<\/div>\n<div class=\"fcbkbttn_buttons_block\" id=\"fcbkbttn_left\"><div class=\"fcbkbttn_like \"><div class=\"fb-like fb-like-button_count\" data-href=\"https:\/\/www.zsben.cz\/wordpress\/?page_id=48172\" data-colorscheme=\"light\" data-layout=\"button_count\" data-action=\"like\"  data-size=\"small\"><\/div><\/div><div class=\"fb-share-button  \" data-href=\"https:\/\/www.zsben.cz\/wordpress\/?page_id=48172\" data-type=\"button_count\" data-size=\"small\"><\/div><\/div>","protected":false},"excerpt":{"rendered":"<p>\u0160koln\u00ed speci\u00e1ln\u00ed pedagog PhDr. Jana Burdov\u00e1 email: burdova(zavin\u00e1\u010d)zsben.cz telefon: 317 765 111 konzulta\u010dn\u00ed hodiny: Pond\u011bl\u00ed&nbsp; 14:35 -15:20 \u2013 u\u010ditel\u00e9 Pond\u011bl\u00ed&nbsp; 15:20 \u2013 16:05 \u2013 rodi\u010de \u010ctvrtek&nbsp; 12:45 \u2013 13:30 \u2013 u\u010ditel\u00e9 D\u00e1le dle dohody e-mailem nebo telefonicky<\/p>\n","protected":false},"author":1,"featured_media":0,"parent":0,"menu_order":0,"comment_status":"closed","ping_status":"closed","template":"","meta":{"ngg_post_thumbnail":0,"footnotes":""},"class_list":["post-48172","page","type-page","status-publish","hentry"],"_links":{"self":[{"href":"https:\/\/www.zsben.cz\/wordpress\/index.php?rest_route=\/wp\/v2\/pages\/48172","targetHints":{"allow":["GET"]}}],"collection":[{"href":"https:\/\/www.zsben.cz\/wordpress\/index.php?rest_route=\/wp\/v2\/pages"}],"about":[{"href":"https:\/\/www.zsben.cz\/wordpress\/index.php?rest_route=\/wp\/v2\/types\/page"}],"author":[{"embeddable":true,"href":"https:\/\/www.zsben.cz\/wordpress\/index.php?rest_route=\/wp\/v2\/users\/1"}],"replies":[{"embeddable":true,"href":"https:\/\/www.zsben.cz\/wordpress\/index.php?rest_route=%2Fwp%2Fv2%2Fcomments&post=48172"}],"version-history":[{"count":10,"href":"https:\/\/www.zsben.cz\/wordpress\/index.php?rest_route=\/wp\/v2\/pages\/48172\/revisions"}],"predecessor-version":[{"id":130781,"href":"https:\/\/www.zsben.cz\/wordpress\/index.php?rest_route=\/wp\/v2\/pages\/48172\/revisions\/130781"}],"wp:attachment":[{"href":"https:\/\/www.zsben.cz\/wordpress\/index.php?rest_route=%2Fwp%2Fv2%2Fmedia&parent=48172"}],"curies":[{"name":"wp","href":"https:\/\/api.w.org\/{rel}","templated":true}]}}