{"id":135606,"date":"2026-03-04T15:24:52","date_gmt":"2026-03-04T14:24:52","guid":{"rendered":"https:\/\/www.zsben.cz\/wordpress\/?page_id=135606"},"modified":"2026-03-04T15:30:32","modified_gmt":"2026-03-04T14:30:32","slug":"etwinning","status":"publish","type":"page","link":"https:\/\/www.zsben.cz\/wordpress\/?page_id=135606","title":{"rendered":"eTwinning"},"content":{"rendered":"<table style=\"border-collapse: collapse; width: 100%;\">\n<tbody>\n<tr>\n<td style=\"width: 100%; height: 500px;\"><p class=\"gde-text\"><a href=\"https:\/\/www.zsben.cz\/wordpress\/wp-content\/uploads\/2026\/03\/co-je-to-ETwinning.pdf\" class=\"gde-link\" onClick=\"_gaq.push(['_trackEvent', 'Google Doc Embedder', 'St\u00e1hnout', this.href]);\">St\u00e1hnout (PDF, Nezn\u00e1m\u00fd)<\/a><\/p>\n<iframe src=\"\/\/docs.google.com\/viewer?url=https%3A%2F%2Fwww.zsben.cz%2Fwordpress%2Fwp-content%2Fuploads%2F2026%2F03%2Fco-je-to-ETwinning.pdf&hl=cs&embedded=true\" class=\"gde-frame\" style=\"width:100%; height:700px; border: none;\" scrolling=\"no\"><\/iframe><\/td>\n<\/tr>\n<tr>\n<td style=\"width: 100%; height: 800px;\"><p class=\"gde-text\"><a href=\"https:\/\/www.zsben.cz\/wordpress\/wp-content\/uploads\/2026\/03\/eTwinning-National-Quality-Label.pdf\" class=\"gde-link\" onClick=\"_gaq.push(['_trackEvent', 'Google Doc Embedder', 'St\u00e1hnout', this.href]);\">St\u00e1hnout (PDF, Nezn\u00e1m\u00fd)<\/a><\/p>\n<iframe src=\"\/\/docs.google.com\/viewer?url=https%3A%2F%2Fwww.zsben.cz%2Fwordpress%2Fwp-content%2Fuploads%2F2026%2F03%2FeTwinning-National-Quality-Label.pdf&hl=cs&embedded=true\" class=\"gde-frame\" style=\"width:100%; height:700px; border: none;\" scrolling=\"no\"><\/iframe><\/td>\n<\/tr>\n<tr>\n<td style=\"width: 100%; height: 800px;\"><p class=\"gde-text\"><a href=\"https:\/\/www.zsben.cz\/wordpress\/wp-content\/uploads\/2026\/03\/eTwinning-2024-2025-projekty.pdf\" class=\"gde-link\" onClick=\"_gaq.push(['_trackEvent', 'Google Doc Embedder', 'St\u00e1hnout', this.href]);\">St\u00e1hnout (PDF, Nezn\u00e1m\u00fd)<\/a><\/p>\n<iframe src=\"\/\/docs.google.com\/viewer?url=https%3A%2F%2Fwww.zsben.cz%2Fwordpress%2Fwp-content%2Fuploads%2F2026%2F03%2FeTwinning-2024-2025-projekty.pdf&hl=cs&embedded=true\" class=\"gde-frame\" style=\"width:100%; height:700px; border: none;\" scrolling=\"no\"><\/iframe><\/td>\n<\/tr>\n<\/tbody>\n<\/table>\n<p><a href=\"https:\/\/www.zsben.cz\/wordpress\/wp-content\/uploads\/2026\/03\/Oceneni-od-mesta.jpeg\"><img loading=\"lazy\" decoding=\"async\" class=\"aligncenter size-large wp-image-135610\" src=\"https:\/\/www.zsben.cz\/wordpress\/wp-content\/uploads\/2026\/03\/Oceneni-od-mesta-1024x914.jpeg\" alt=\"\" width=\"640\" height=\"571\" srcset=\"https:\/\/www.zsben.cz\/wordpress\/wp-content\/uploads\/2026\/03\/Oceneni-od-mesta-1024x914.jpeg 1024w, https:\/\/www.zsben.cz\/wordpress\/wp-content\/uploads\/2026\/03\/Oceneni-od-mesta-500x446.jpeg 500w, https:\/\/www.zsben.cz\/wordpress\/wp-content\/uploads\/2026\/03\/Oceneni-od-mesta-150x134.jpeg 150w, https:\/\/www.zsben.cz\/wordpress\/wp-content\/uploads\/2026\/03\/Oceneni-od-mesta-768x685.jpeg 768w, https:\/\/www.zsben.cz\/wordpress\/wp-content\/uploads\/2026\/03\/Oceneni-od-mesta.jpeg 1196w\" sizes=\"auto, (max-width: 640px) 100vw, 640px\" \/><\/a><\/p>\n<div class=\"fcbkbttn_buttons_block\" id=\"fcbkbttn_left\"><div class=\"fcbkbttn_like \"><div class=\"fb-like fb-like-button_count\" data-href=\"https:\/\/www.zsben.cz\/wordpress\/?page_id=135606\" data-colorscheme=\"light\" data-layout=\"button_count\" data-action=\"like\"  data-size=\"small\"><\/div><\/div><div class=\"fb-share-button  \" data-href=\"https:\/\/www.zsben.cz\/wordpress\/?page_id=135606\" data-type=\"button_count\" data-size=\"small\"><\/div><\/div>","protected":false},"excerpt":{"rendered":"","protected":false},"author":1,"featured_media":0,"parent":0,"menu_order":0,"comment_status":"closed","ping_status":"closed","template":"","meta":{"ngg_post_thumbnail":0,"footnotes":""},"class_list":["post-135606","page","type-page","status-publish","hentry"],"_links":{"self":[{"href":"https:\/\/www.zsben.cz\/wordpress\/index.php?rest_route=\/wp\/v2\/pages\/135606","targetHints":{"allow":["GET"]}}],"collection":[{"href":"https:\/\/www.zsben.cz\/wordpress\/index.php?rest_route=\/wp\/v2\/pages"}],"about":[{"href":"https:\/\/www.zsben.cz\/wordpress\/index.php?rest_route=\/wp\/v2\/types\/page"}],"author":[{"embeddable":true,"href":"https:\/\/www.zsben.cz\/wordpress\/index.php?rest_route=\/wp\/v2\/users\/1"}],"replies":[{"embeddable":true,"href":"https:\/\/www.zsben.cz\/wordpress\/index.php?rest_route=%2Fwp%2Fv2%2Fcomments&post=135606"}],"version-history":[{"count":4,"href":"https:\/\/www.zsben.cz\/wordpress\/index.php?rest_route=\/wp\/v2\/pages\/135606\/revisions"}],"predecessor-version":[{"id":135614,"href":"https:\/\/www.zsben.cz\/wordpress\/index.php?rest_route=\/wp\/v2\/pages\/135606\/revisions\/135614"}],"wp:attachment":[{"href":"https:\/\/www.zsben.cz\/wordpress\/index.php?rest_route=%2Fwp%2Fv2%2Fmedia&parent=135606"}],"curies":[{"name":"wp","href":"https:\/\/api.w.org\/{rel}","templated":true}]}}