{"id":127501,"date":"2025-06-06T11:50:22","date_gmt":"2025-06-06T09:50:22","guid":{"rendered":"https:\/\/www.zsben.cz\/wordpress\/wp-content\/uploads\/2025\/06\/Zacky-8D-ze-ZS-Dukelska-s-pametnici-Marii-Hrbkovou-1.jpg"},"modified":"2025-06-06T11:50:22","modified_gmt":"2025-06-06T09:50:22","slug":"zacky-8d-ze-zs-dukelska-s-pametnici-marii-hrbkovou-1","status":"inherit","type":"attachment","link":"https:\/\/www.zsben.cz\/wordpress\/?attachment_id=127501","title":{"rendered":"\u017da\u010dky 8D ze Z\u0160 Dukelsk\u00e1 s pam\u011btnic\u00ed Mari\u00ed Hrbkovou (1)"},"author":42,"featured_media":0,"comment_status":"closed","ping_status":"closed","template":"","meta":{"ngg_post_thumbnail":0},"class_list":["post-127501","attachment","type-attachment","status-inherit","hentry"],"description":{"rendered":"<p class=\"attachment\"><a href='https:\/\/www.zsben.cz\/wordpress\/wp-content\/uploads\/2025\/06\/Zacky-8D-ze-ZS-Dukelska-s-pametnici-Marii-Hrbkovou-1.jpg'><img loading=\"lazy\" decoding=\"async\" width=\"334\" height=\"500\" src=\"https:\/\/www.zsben.cz\/wordpress\/wp-content\/uploads\/2025\/06\/Zacky-8D-ze-ZS-Dukelska-s-pametnici-Marii-Hrbkovou-1-334x500.jpg\" class=\"attachment-medium size-medium\" alt=\"\" srcset=\"https:\/\/www.zsben.cz\/wordpress\/wp-content\/uploads\/2025\/06\/Zacky-8D-ze-ZS-Dukelska-s-pametnici-Marii-Hrbkovou-1-334x500.jpg 334w, https:\/\/www.zsben.cz\/wordpress\/wp-content\/uploads\/2025\/06\/Zacky-8D-ze-ZS-Dukelska-s-pametnici-Marii-Hrbkovou-1-684x1024.jpg 684w, https:\/\/www.zsben.cz\/wordpress\/wp-content\/uploads\/2025\/06\/Zacky-8D-ze-ZS-Dukelska-s-pametnici-Marii-Hrbkovou-1-100x150.jpg 100w, https:\/\/www.zsben.cz\/wordpress\/wp-content\/uploads\/2025\/06\/Zacky-8D-ze-ZS-Dukelska-s-pametnici-Marii-Hrbkovou-1-768x1151.jpg 768w, https:\/\/www.zsben.cz\/wordpress\/wp-content\/uploads\/2025\/06\/Zacky-8D-ze-ZS-Dukelska-s-pametnici-Marii-Hrbkovou-1-1025x1536.jpg 1025w, https:\/\/www.zsben.cz\/wordpress\/wp-content\/uploads\/2025\/06\/Zacky-8D-ze-ZS-Dukelska-s-pametnici-Marii-Hrbkovou-1.jpg 1367w\" sizes=\"auto, (max-width: 334px) 100vw, 334px\" \/><\/a><\/p>\n<div class=\"fcbkbttn_buttons_block\" id=\"fcbkbttn_left\"><div class=\"fcbkbttn_like \"><div class=\"fb-like fb-like-button_count\" data-href=\"https:\/\/www.zsben.cz\/wordpress\/?attachment_id=127501\" data-colorscheme=\"light\" data-layout=\"button_count\" data-action=\"like\"  data-size=\"small\"><\/div><\/div><div class=\"fb-share-button  \" data-href=\"https:\/\/www.zsben.cz\/wordpress\/?attachment_id=127501\" data-type=\"button_count\" data-size=\"small\"><\/div><\/div>"},"caption":{"rendered":""},"alt_text":"","media_type":"image","mime_type":"image\/jpeg","media_details":{"width":1367,"height":2048,"file":"2025\/06\/Zacky-8D-ze-ZS-Dukelska-s-pametnici-Marii-Hrbkovou-1.jpg","filesize":683419,"sizes":{"medium":{"file":"Zacky-8D-ze-ZS-Dukelska-s-pametnici-Marii-Hrbkovou-1-334x500.jpg","width":334,"height":500,"filesize":56125,"mime_type":"image\/jpeg","source_url":"https:\/\/www.zsben.cz\/wordpress\/wp-content\/uploads\/2025\/06\/Zacky-8D-ze-ZS-Dukelska-s-pametnici-Marii-Hrbkovou-1-334x500.jpg"},"large":{"file":"Zacky-8D-ze-ZS-Dukelska-s-pametnici-Marii-Hrbkovou-1-684x1024.jpg","width":684,"height":1024,"filesize":138342,"mime_type":"image\/jpeg","source_url":"https:\/\/www.zsben.cz\/wordpress\/wp-content\/uploads\/2025\/06\/Zacky-8D-ze-ZS-Dukelska-s-pametnici-Marii-Hrbkovou-1-684x1024.jpg"},"thumbnail":{"file":"Zacky-8D-ze-ZS-Dukelska-s-pametnici-Marii-Hrbkovou-1-100x150.jpg","width":100,"height":150,"filesize":24131,"mime_type":"image\/jpeg","source_url":"https:\/\/www.zsben.cz\/wordpress\/wp-content\/uploads\/2025\/06\/Zacky-8D-ze-ZS-Dukelska-s-pametnici-Marii-Hrbkovou-1-100x150.jpg"},"medium_large":{"file":"Zacky-8D-ze-ZS-Dukelska-s-pametnici-Marii-Hrbkovou-1-768x1151.jpg","width":768,"height":1151,"filesize":163341,"mime_type":"image\/jpeg","source_url":"https:\/\/www.zsben.cz\/wordpress\/wp-content\/uploads\/2025\/06\/Zacky-8D-ze-ZS-Dukelska-s-pametnici-Marii-Hrbkovou-1-768x1151.jpg"},"1536x1536":{"file":"Zacky-8D-ze-ZS-Dukelska-s-pametnici-Marii-Hrbkovou-1-1025x1536.jpg","width":1025,"height":1536,"filesize":255013,"mime_type":"image\/jpeg","source_url":"https:\/\/www.zsben.cz\/wordpress\/wp-content\/uploads\/2025\/06\/Zacky-8D-ze-ZS-Dukelska-s-pametnici-Marii-Hrbkovou-1-1025x1536.jpg"},"full":{"file":"Zacky-8D-ze-ZS-Dukelska-s-pametnici-Marii-Hrbkovou-1.jpg","width":1367,"height":2048,"mime_type":"image\/jpeg","source_url":"https:\/\/www.zsben.cz\/wordpress\/wp-content\/uploads\/2025\/06\/Zacky-8D-ze-ZS-Dukelska-s-pametnici-Marii-Hrbkovou-1.jpg"}},"image_meta":{"aperture":"0","credit":"","camera":"","caption":"","created_timestamp":"0","copyright":"","focal_length":"0","iso":"0","shutter_speed":"0","title":"","orientation":"0","keywords":[]}},"post":127499,"source_url":"https:\/\/www.zsben.cz\/wordpress\/wp-content\/uploads\/2025\/06\/Zacky-8D-ze-ZS-Dukelska-s-pametnici-Marii-Hrbkovou-1.jpg","_links":{"self":[{"href":"https:\/\/www.zsben.cz\/wordpress\/index.php?rest_route=\/wp\/v2\/media\/127501","targetHints":{"allow":["GET"]}}],"collection":[{"href":"https:\/\/www.zsben.cz\/wordpress\/index.php?rest_route=\/wp\/v2\/media"}],"about":[{"href":"https:\/\/www.zsben.cz\/wordpress\/index.php?rest_route=\/wp\/v2\/types\/attachment"}],"author":[{"embeddable":true,"href":"https:\/\/www.zsben.cz\/wordpress\/index.php?rest_route=\/wp\/v2\/users\/42"}],"replies":[{"embeddable":true,"href":"https:\/\/www.zsben.cz\/wordpress\/index.php?rest_route=%2Fwp%2Fv2%2Fcomments&post=127501"}],"wp:attached-to":[{"embeddable":true,"post_type":"post","id":127499,"href":"https:\/\/www.zsben.cz\/wordpress\/index.php?rest_route=\/wp\/v2\/posts\/127499"}],"curies":[{"name":"wp","href":"https:\/\/api.w.org\/{rel}","templated":true}]}}

Žačky 8D ze ZŠ Dukelská s pamětnicí Marií Hrbkovou (1)
