{"id":8942,"date":"2019-09-01T08:29:49","date_gmt":"2019-09-01T06:29:49","guid":{"rendered":"https:\/\/www.zsben.cz\/labyrint\/?page_id=8942"},"modified":"2019-10-26T14:04:42","modified_gmt":"2019-10-26T12:04:42","slug":"dukla-ma-talent-vii","status":"publish","type":"page","link":"https:\/\/www.zsben.cz\/labyrint\/?page_id=8942","title":{"rendered":"Dukla m\u00e1 TALENT VII."},"content":{"rendered":"<p><img loading=\"lazy\" decoding=\"async\" class=\"size-medium wp-image-8961 aligncenter\" src=\"https:\/\/www.zsben.cz\/labyrint\/wp-content\/uploads\/2019\/09\/Logo-DmT-VII.-300x292.jpg\" alt=\"\" width=\"300\" height=\"292\" \/><\/p>\n<blockquote><p>Mil\u00ed \u017e\u00e1ci a rodi\u010de!<\/p>\n<p>I v leto\u0161n\u00edm \u0161koln\u00edm roce se uskute\u010dn\u00ed celo\u0161koln\u00ed sout\u011b\u017e\u00a0<strong>Dukla m\u00e1 TALENT<\/strong>, kter\u00e1 bude na na\u0161\u00ed \u0161kole ji\u017e posedm\u00e9!<br \/>\n\u017d\u00e1ci prvn\u00edho stupn\u011b se mohou p\u0159ihl\u00e1sit u sv\u00fdch t\u0159\u00eddn\u00edch u\u010ditelek, \u017e\u00e1ci druh\u00e9ho stupn\u011b v kabinet\u011b \u010cj u Mgr. Marcely Vlkannova! P\u0159ihl\u00e1\u0161ky pod\u00e1vejte do 1. listopadu 2019. \ud83d\ude09<\/p><\/blockquote>\n<p style=\"text-align: center;\"><span style=\"color: #ff0000;\"><strong>Casting sout\u011b\u017ee se kon\u00e1 ve st\u0159edu 27. listopadu 2019 od 14:30 hod. v t\u011blocvi\u010dn\u011b \u0161koly! \ud83d\ude09<\/strong><\/span><\/p>\n<p><span style=\"color: #000080;\"><strong>Porota sout\u011b\u017ee<\/strong><\/span><br \/>\nMgr. Hana Pecha\u010dov\u00e1 (u\u010ditelka v\u00fdtvarn\u00e9 a hudebn\u00ed v\u00fdchovy)<br \/>\nPaedDr. Sv\u011btlana Mix\u00e1nov\u00e1 (u\u010ditelka hudebn\u00ed v\u00fdchovy)<br \/>\nMgr. Eva Pojerov\u00e1 (u\u010ditelka t\u011blesn\u00e9 v\u00fdchovy)<br \/>\nMgr. Tereza Landov\u00e1 (u\u010ditelka chemie a p\u0159\u00edrodopisu)<br \/>\nDavid Vesel\u00fd (zakladatel sout\u011b\u017ee)<\/p>\n","protected":false},"excerpt":{"rendered":"<p>Mil\u00ed \u017e\u00e1ci a rodi\u010de! I v leto\u0161n\u00edm \u0161koln\u00edm roce se uskute\u010dn\u00ed celo\u0161koln\u00ed sout\u011b\u017e\u00a0Dukla m\u00e1 TALENT, kter\u00e1 bude na na\u0161\u00ed \u0161kole ji\u017e posedm\u00e9! \u017d\u00e1ci prvn\u00edho stupn\u011b&hellip; <\/p>\n","protected":false},"author":13,"featured_media":0,"parent":0,"menu_order":0,"comment_status":"closed","ping_status":"closed","template":"","meta":{"footnotes":""},"class_list":["post-8942","page","type-page","status-publish","hentry"],"_links":{"self":[{"href":"https:\/\/www.zsben.cz\/labyrint\/index.php?rest_route=\/wp\/v2\/pages\/8942","targetHints":{"allow":["GET"]}}],"collection":[{"href":"https:\/\/www.zsben.cz\/labyrint\/index.php?rest_route=\/wp\/v2\/pages"}],"about":[{"href":"https:\/\/www.zsben.cz\/labyrint\/index.php?rest_route=\/wp\/v2\/types\/page"}],"author":[{"embeddable":true,"href":"https:\/\/www.zsben.cz\/labyrint\/index.php?rest_route=\/wp\/v2\/users\/13"}],"replies":[{"embeddable":true,"href":"https:\/\/www.zsben.cz\/labyrint\/index.php?rest_route=%2Fwp%2Fv2%2Fcomments&post=8942"}],"version-history":[{"count":6,"href":"https:\/\/www.zsben.cz\/labyrint\/index.php?rest_route=\/wp\/v2\/pages\/8942\/revisions"}],"predecessor-version":[{"id":9316,"href":"https:\/\/www.zsben.cz\/labyrint\/index.php?rest_route=\/wp\/v2\/pages\/8942\/revisions\/9316"}],"wp:attachment":[{"href":"https:\/\/www.zsben.cz\/labyrint\/index.php?rest_route=%2Fwp%2Fv2%2Fmedia&parent=8942"}],"curies":[{"name":"wp","href":"https:\/\/api.w.org\/{rel}","templated":true}]}}

Dukla má TALENT VII.

<p><img loading="lazy" decoding="async" class="size-medium wp-image-8961 aligncenter" src="https://www.zsben.cz/labyrint/wp-content/uploads/2019/09/Logo-DmT-VII.-300x292.jpg" alt="" width="300" height="292" /></p>
<blockquote><p>Milí žáci a rodiče!</p>
<p>I v letošním školním roce se uskuteční celoškolní soutěž <strong>Dukla má TALENT</strong>, která bude na naší škole již posedmé!<br />
Žáci prvního stupně se mohou přihlásit u svých třídních učitelek, žáci druhého stupně v kabinetě Čj u Mgr. Marcely Vlkannova! Přihlášky podávejte do 1. listopadu 2019. 😉</p></blockquote>
<p style="text-align: center;"><span style="color: #ff0000;"><strong>Casting soutěže se koná ve středu 27. listopadu 2019 od 14:30 hod. v tělocvičně školy! 😉</strong></span></p>
<p><span style="color: #000080;"><strong>Porota soutěže</strong></span><br />
Mgr. Hana Pechačová (učitelka výtvarné a hudební výchovy)<br />
PaedDr. Světlana Mixánová (učitelka hudební výchovy)<br />
Mgr. Eva Pojerová (učitelka tělesné výchovy)<br />
Mgr. Tereza Landová (učitelka chemie a přírodopisu)<br />
David Veselý (zakladatel soutěže)</p>

<p>Milí žáci a rodiče! I v letošním školním roce se uskuteční celoškolní soutěž Dukla má TALENT, která bude na naší škole již posedmé! Žáci prvního stupně&hellip; </p>
