{"id":4362,"date":"2016-06-10T13:10:40","date_gmt":"2016-06-10T12:10:40","guid":{"rendered":"http:\/\/www1.zsben.cz\/labyrint\/?page_id=4362"},"modified":"2025-06-24T11:24:52","modified_gmt":"2025-06-24T09:24:52","slug":"archiv-casopisu","status":"publish","type":"page","link":"https:\/\/www.zsben.cz\/labyrint\/?page_id=4362","title":{"rendered":"Archiv ti\u0161t\u011bn\u00e9ho \u010dasopisu"},"content":{"rendered":"<p style=\"text-align: center;\"><span style=\"font-family: 'arial black', sans-serif; font-size: 20px; color: #ffffff; background-color: #808000;\"><span style=\"font-family: 'arial black', sans-serif; font-size: 20px; background-color: #808000;\"><strong><span style=\"font-family: 'arial black', sans-serif;\">\u00a0\u0160KOLN\u00cd ROK 2024 \/ 2025\u00a0<\/span><\/strong><\/span><\/span><\/p>\n<ol>\n<li><a href=\"https:\/\/www.zsben.cz\/download\/labyrint\/2024-2025\/labyrint1.pdf\">\u010d\u00edslo &#8211; Podzim 2024<\/a><\/li>\n<li><a href=\"https:\/\/www.zsben.cz\/download\/labyrint\/2024-2025\/labyrint2.pdf\">\u010d\u00edslo &#8211; Zima 2024<\/a><\/li>\n<li><a href=\"_wp_link_placeholder\" data-wplink-edit=\"true\">\u010d\u00edslo &#8211; Jaro 2025<\/a><\/li>\n<li>\u010d\u00edslo &#8211; L\u00e9to 2025<\/li>\n<\/ol>\n<p style=\"text-align: center;\"><span style=\"font-family: 'arial black', sans-serif; font-size: 20px; color: #ffffff; background-color: #808000;\"><span style=\"font-family: 'arial black', sans-serif; font-size: 20px; background-color: #808000;\"><strong><span style=\"font-family: 'arial black', sans-serif;\">\u00a0\u0160KOLN\u00cd ROK 2023 \/ 2024\u00a0<\/span><\/strong><\/span><\/span><\/p>\n<p><strong><a href=\"https:\/\/www.zsben.cz\/download\/labyrint\/2023-2024\/labyrint1.pdf\">1. \u010d\u00edslo &#8211; Podzim 2023<\/a><\/strong><\/p>\n<p><strong><a href=\"https:\/\/www.zsben.cz\/download\/labyrint\/2023-2024\/labyrint2.pdf\">2. \u010d\u00edslo &#8211; Zima 2023<\/a><\/strong><\/p>\n<p><a href=\"https:\/\/www.zsben.cz\/download\/labyrint\/2023-2024\/labyrint3.pdf\"><strong>3. \u010d\u00edslo &#8211; Jaro 2024<\/strong><\/a><\/p>\n<p><strong>4. \u010d\u00edslo\u00a0 &#8211; L\u00e9to 2024<\/strong><\/p>\n<p style=\"text-align: center;\"><span style=\"font-family: 'arial black', sans-serif; font-size: 20px; color: #ffcc00; background-color: #33cccc;\"><span style=\"font-family: 'arial black', sans-serif; font-size: 20px; background-color: #ff00ff;\"><strong><span style=\"color: #000080; font-family: 'arial black', sans-serif;\">\u00a0\u0160KOLN\u00cd ROK 2022 \/ 2023\u00a0<\/span><\/strong><\/span><\/span><\/p>\n<p><strong><a href=\"https:\/\/www.zsben.cz\/download\/labyrint\/2022-2023\/labyrint1.pdf\">1. \u010d\u00edslo &#8211; Podzim 2022<\/a><\/strong><\/p>\n<p><strong><a href=\"https:\/\/www.zsben.cz\/download\/labyrint\/2022-2023\/labyrint2.pdf\">2. \u010d\u00edslo &#8211; Zima 2022<\/a><\/strong><\/p>\n<p><a href=\"https:\/\/www.zsben.cz\/download\/labyrint\/2022-2023\/labyrint3.pdf\"><strong>3. \u010d\u00edslo &#8211; Jaro 2023<\/strong><\/a><\/p>\n<p><a href=\"https:\/\/www.zsben.cz\/download\/labyrint\/2022-2023\/labyrint4.pdf\"><strong>4. \u010d\u00edslo\u00a0 &#8211; L\u00e9to 2023<\/strong><\/a><\/p>\n<p style=\"text-align: center;\"><span style=\"color: #ffcc00; font-family: 'arial black', sans-serif; font-size: 20px; background-color: #33cccc;\">\u00a0\u0160KOLN\u00cd ROK 2021 \/ 2022\u00a0<\/span><\/p>\n<p><strong><a href=\"https:\/\/www.zsben.cz\/download\/labyrint\/2021-2022\/labyrint1.pdf\"><span style=\"font-size: 16px;\">1. \u010d\u00edslo &#8211; Podzim\u00a02021<\/span><\/a><\/strong><\/p>\n<p><strong><a href=\"https:\/\/www.zsben.cz\/download\/labyrint\/2021-2022\/labyrint2.pdf\"><span style=\"font-size: 16px;\">2. \u010d\u00edslo &#8211; Zima 2021<\/span><\/a><\/strong><\/p>\n<p><strong><a href=\"https:\/\/www.zsben.cz\/download\/labyrint\/2021-2022\/labyrint3.pdf\"><span style=\"font-size: 16px;\">3. \u010d\u00edslo &#8211; Jaro 2022<\/span><\/a><\/strong><\/p>\n<p><a href=\"https:\/\/www.zsben.cz\/download\/labyrint\/2021-2022\/labyrint4.pdf\"><strong><span style=\"font-size: 16px;\">4. \u010d\u00edslo &#8211; L\u00e9to 2022<\/span><\/strong><\/a><\/p>\n<p style=\"text-align: center;\"><span style=\"font-family: 'arial black', sans-serif; font-size: 20px; color: #0000ff; background-color: #00ff00;\">\u00a0\u0160KOLN\u00cd ROK 2020 \/ 2021\u00a0<\/span><\/p>\n<p><strong><a href=\"https:\/\/www.zsben.cz\/download\/labyrint\/2020-2021\/labyrint1.pdf\"><span style=\"font-size: 16px;\">1. \u010d\u00edslo &#8211; Podzim\u00a02020<\/span><\/a><\/strong><\/p>\n<p><strong><a href=\"https:\/\/www.zsben.cz\/download\/labyrint\/2020-2021\/labyrint2.pdf\">2. \u010d\u00edslo &#8211; Zima 2020<\/a><\/strong><\/p>\n<p><a href=\"https:\/\/www.zsben.cz\/download\/labyrint\/2020-2021\/labyrint34.pdf\"><strong>3. \u010d\u00edslo &#8211; Jaro + L\u00e9to 2021<\/strong><\/a><\/p>\n<p style=\"text-align: center;\"><span style=\"font-family: 'arial black', sans-serif; font-size: 20px; color: #ff0000; background-color: #ffcc00;\">\u00a0\u0160KOLN\u00cd ROK 2019 \/ 2020\u00a0<\/span><\/p>\n<p><a href=\"https:\/\/www.zsben.cz\/download\/labyrint\/2019-2020\/labyrint1.pdf\"><strong><span style=\"font-size: 16px;\">1. \u010d\u00edslo &#8211; Podzim 2019<\/span><\/strong><\/a><\/p>\n<p><a href=\"https:\/\/www.zsben.cz\/download\/labyrint\/2019-2020\/labyrint2.pdf\"><strong><span style=\"font-size: 16px;\">2. \u010d\u00edslo<\/span><\/strong><strong><span style=\"font-size: 16px;\"> &#8211; Zima 2019\u00a0<\/span><\/strong><\/a><\/p>\n<p><strong>3. a 4. \u010d\u00edslo &#8211; NEVY\u0160LO (COVID-19)<\/strong><\/p>\n<p style=\"text-align: center;\"><span style=\"font-family: 'arial black', sans-serif; font-size: 20px; color: #ff6600; background-color: #00ffff;\">\u00a0\u0160KOLN\u00cd ROK 2018 \/ 2019\u00a0<\/span><\/p>\n<p><a href=\"https:\/\/www.zsben.cz\/download\/labyrint\/2018-2019\/labyrint1.pdf\"><strong><span style=\"font-size: 16px;\">1. \u010d\u00edslo &#8211; Podzim 2018<\/span><\/strong><\/a><\/p>\n<p><a href=\"https:\/\/www.zsben.cz\/download\/labyrint\/2018-2019\/labyrint2.pdf\"><strong><span style=\"font-size: 16px;\">2. \u010d\u00edslo &#8211; Zima 2018<\/span><\/strong><\/a><\/p>\n<p><a href=\"https:\/\/www.zsben.cz\/download\/labyrint\/2018-2019\/labyrint3.pdf\"><strong>3. \u010d\u00edslo &#8211; Jaro 2019<\/strong><\/a><\/p>\n<p><strong><a href=\"https:\/\/www.zsben.cz\/download\/labyrint\/2018-2019\/labyrint4.pdf\">4. \u010d\u00edslo &#8211; L\u00e9to 2019<\/a><\/strong><\/p>\n<p style=\"text-align: center;\"><span style=\"font-family: 'arial black', sans-serif; font-size: 20px; background-color: #ff00ff;\"><strong><span style=\"color: #000080; font-family: 'arial black', sans-serif;\">\u00a0\u0160KOLN\u00cd ROK 2017 \/ 2018<\/span><span style=\"color: #000080; font-family: 'arial black', sans-serif;\"><span style=\"color: #00ff00;\">\u00a0<\/span><\/span><\/strong><\/span><\/p>\n<p><strong><a href=\"https:\/\/www.zsben.cz\/download\/labyrint\/2017-2018\/labyrint1.pdf\">1. \u010d\u00edslo &#8211; Podzim 2017<\/a><\/strong><\/p>\n<p><a href=\"https:\/\/www.zsben.cz\/download\/labyrint\/2017-2018\/labyrint2.pdf\"><strong>2. \u010d\u00edslo &#8211; Zima 2017<\/strong><\/a><\/p>\n<p><a href=\"https:\/\/www.zsben.cz\/download\/labyrint\/2017-2018\/labyrint3.pdf\"><strong>3. \u010d\u00edslo &#8211; Jaro 2018<\/strong><\/a><\/p>\n<p><a href=\"https:\/\/www.zsben.cz\/download\/labyrint\/2017-2018\/labyrint4.pdf\"><strong>4. \u010d\u00edslo &#8211; L\u00e9to 2018<\/strong><\/a><\/p>\n<p style=\"text-align: center;\"><span style=\"font-family: 'arial black', sans-serif; font-size: 20px; background-color: #ffff00;\"><strong><span style=\"color: #000080; font-family: arial black,sans-serif; background-color: #339966;\"><span style=\"background-color: #00ff00;\">\u00a0\u0160KOLN\u00cd ROK 2016 \/ 2017<span style=\"color: #00ff00;\">.<\/span><\/span><\/span><span style=\"color: #ff0000;\"><br \/>\n<\/span><\/strong><\/span><\/p>\n<p><strong><a href=\"https:\/\/www.zsben.cz\/download\/labyrint\/2016-2017\/labyrint1.pdf\">1. \u010d\u00edslo &#8211; Podzim 2016<\/a><\/strong><\/p>\n<p><a href=\"https:\/\/www.zsben.cz\/labyrint\/wp-content\/uploads\/2016\/06\/%C4%8CASOPIS-2017-zima-kone%C4%8Dn%C3%A1-verze-1.pdf\"><span style=\"text-decoration: underline;\"><strong>2. \u010d\u00edslo &#8211; Zima 2016<\/strong><\/span><\/a><\/p>\n<p><a href=\"https:\/\/www.zsben.cz\/download\/labyrint\/2016-2017\/labyrint3.pdf\"><span style=\"color: #800080;\"><span style=\"text-decoration: underline;\"><strong>3. \u010d\u00edslo &#8211; Jaro 2017<\/strong><\/span><\/span><\/a><\/p>\n<p><a href=\"https:\/\/www.zsben.cz\/download\/labyrint\/2016-2017\/labyrint4.pdf\"><strong>4. \u010d\u00edslo &#8211; L\u00e9to 2017<\/strong><\/a><\/p>\n<p style=\"text-align: center;\"><span style=\"font-family: 'arial black', sans-serif; font-size: 20px; background-color: #ffff00;\"><strong><span style=\"color: #ff0000; font-family: arial black,sans-serif;\">\u00a0\u0160KOLN\u00cd ROK 2015 \/ 2016<span style=\"color: #ffff00;\">.<\/span> <\/span><span style=\"color: #ff0000;\"><br \/>\n<\/span><\/strong><\/span><\/p>\n<p style=\"text-align: justify;\"><a href=\"http:\/\/www.zsben.cz\/download\/labyrint\/2015-2016\/labyrint1.pdf\"><strong><span style=\"font-size: 16px;\">1. \u010d\u00edslo &#8211; Podzim 2015<\/span><\/strong><\/a><\/p>\n<p style=\"text-align: justify;\"><strong><a href=\"http:\/\/www.zsben.cz\/download\/labyrint\/2015-2016\/labyrint2.pdf\">2. \u010d\u00edslo &#8211; Zima 2015<\/a><\/strong><\/p>\n<p style=\"text-align: justify;\"><a href=\"http:\/\/www.zsben.cz\/download\/labyrint\/2015-2016\/labyrint3.pdf\"><strong>3. \u010d\u00edslo &#8211; Jaro 2016\u00a0+ florbalov\u00e9 fin\u00e1le<\/strong><\/a><\/p>\n<p style=\"text-align: justify;\"><a href=\"https:\/\/www.zsben.cz\/download\/labyrint\/2015-2016\/labyrint4.pdf\"><strong>4. \u010d\u00edslo &#8211; L\u00e9to 2016<\/strong><\/a><\/p>\n<p style=\"text-align: center;\"><span style=\"font-size: 20px; color: #ff6600; font-family: 'arial black', sans-serif; background-color: #000080;\"><strong>\u00a0\u0160KOLN\u00cd ROK 2014 \/ 2015<span style=\"color: #000080;\">.<\/span><br \/>\n<\/strong><\/span><\/p>\n<p style=\"text-align: justify;\"><a href=\"http:\/\/www.zsben.cz\/download\/labyrint\/2014-2015\/labyrint1.pdf\"><strong>1. \u010d\u00edslo &#8211; Podzim 2014<\/strong><\/a><\/p>\n<p style=\"text-align: justify;\"><a href=\"http:\/\/www.zsben.cz\/download\/labyrint\/2014-2015\/labyrint2.pdf\"><strong>2. \u010d\u00edslo &#8211; Zima 2014<\/strong><\/a><\/p>\n<p style=\"text-align: justify;\"><a href=\"http:\/\/www.zsben.cz\/download\/labyrint\/2014-2015\/labyrint3.pdf\"><strong>3. \u010d\u00edslo &#8211; Jaro 2015<\/strong><\/a><\/p>\n<p style=\"text-align: justify;\"><strong><a href=\"http:\/\/www.zsben.cz\/download\/labyrint\/2014-2015\/labyrint4.pdf\">4. \u010d\u00edslo &#8211; L\u00e9to 2015<\/a><\/strong><\/p>\n<p style=\"text-align: center;\"><span style=\"font-family: 'arial black', sans-serif; color: #ffff00; font-size: 20px; background-color: #0000ff;\"><strong>\u00a0\u0160KOLN\u00cd ROK 2013 \/ 2014<span style=\"color: #0000ff;\">.<\/span><br \/>\n<\/strong><\/span><\/p>\n<p style=\"text-align: justify;\"><a href=\"http:\/\/www.zsben.cz\/download\/labyrint\/2013-2014\/labyrint1.pdf\"><strong>1. \u010d\u00edslo &#8211; Podzim 2013<\/strong><\/a><\/p>\n<p style=\"text-align: justify;\"><a href=\"http:\/\/www.zsben.cz\/download\/labyrint\/2013-2014\/labyrint2.pdf\"><strong>2. \u010d\u00edslo &#8211; Zima 2013<\/strong><\/a><\/p>\n<p style=\"text-align: justify;\"><a href=\"http:\/\/www.zsben.cz\/download\/labyrint\/2013-2014\/labyrint3.pdf\"><strong>3. \u010d\u00edslo &#8211; Jaro 2014<\/strong><\/a><\/p>\n<p style=\"text-align: justify;\"><a href=\"http:\/\/www.zsben.cz\/download\/labyrint\/2013-2014\/labyrint4.pdf\"><strong>4. \u010d\u00edslo &#8211; L\u00e9to 2014<\/strong><\/a><\/p>\n<p style=\"text-align: center;\"><span style=\"font-family: 'arial black', sans-serif; color: #00ff00; font-size: 20px; background-color: #ff0000;\"><strong><span style=\"color: #00ccff;\">\u00a0\u0160KOLN\u00cd ROK 2012 \/ 2013<span style=\"color: #ff0000;\">.<\/span><\/span><br \/>\n<\/strong><\/span><\/p>\n<p style=\"text-align: justify;\"><a href=\"http:\/\/www.zsben.cz\/download\/labyrint\/2012-2013\/labyrint1.pdf\"><strong>1. \u010d\u00edslo &#8211; Podzim 2012<\/strong><\/a><\/p>\n<p style=\"text-align: justify;\"><a href=\"http:\/\/www.zsben.cz\/download\/labyrint\/2012-2013\/labyrint2.pdf\"><strong>2. \u010d\u00edslo &#8211; Zima 2012<\/strong><\/a><\/p>\n<p style=\"text-align: justify;\"><a href=\"http:\/\/www.zsben.cz\/download\/labyrint\/2012-2013\/labyrint3.pdf\"><strong>3. \u010d\u00edslo &#8211; Jaro 2013<\/strong><\/a><\/p>\n<p style=\"text-align: justify;\"><a href=\"http:\/\/www.zsben.cz\/download\/labyrint\/2012-2013\/labyrint4.pdf\"><strong>4. \u010d\u00edslo &#8211; L\u00e9to 2013<\/strong><\/a><\/p>\n<p style=\"text-align: justify;\"><a href=\"http:\/\/www.zsben.cz\/download\/labyrint\/2012-2013\/labyrint-bonus.pdf\"><strong>Bonus 2013 &#8211; Pr\u00e1zdniny<\/strong><\/a><\/p>\n","protected":false},"excerpt":{"rendered":"<p>\u00a0\u0160KOLN\u00cd ROK 2024 \/ 2025\u00a0 \u010d\u00edslo &#8211; Podzim 2024 \u010d\u00edslo &#8211; Zima 2024 \u010d\u00edslo &#8211; Jaro 2025 \u010d\u00edslo &#8211; L\u00e9to 2025 \u00a0\u0160KOLN\u00cd ROK 2023 \/&hellip; <\/p>\n","protected":false},"author":13,"featured_media":0,"parent":0,"menu_order":0,"comment_status":"closed","ping_status":"closed","template":"","meta":{"footnotes":""},"class_list":["post-4362","page","type-page","status-publish","hentry"],"_links":{"self":[{"href":"https:\/\/www.zsben.cz\/labyrint\/index.php?rest_route=\/wp\/v2\/pages\/4362","targetHints":{"allow":["GET"]}}],"collection":[{"href":"https:\/\/www.zsben.cz\/labyrint\/index.php?rest_route=\/wp\/v2\/pages"}],"about":[{"href":"https:\/\/www.zsben.cz\/labyrint\/index.php?rest_route=\/wp\/v2\/types\/page"}],"author":[{"embeddable":true,"href":"https:\/\/www.zsben.cz\/labyrint\/index.php?rest_route=\/wp\/v2\/users\/13"}],"replies":[{"embeddable":true,"href":"https:\/\/www.zsben.cz\/labyrint\/index.php?rest_route=%2Fwp%2Fv2%2Fcomments&post=4362"}],"version-history":[{"count":40,"href":"https:\/\/www.zsben.cz\/labyrint\/index.php?rest_route=\/wp\/v2\/pages\/4362\/revisions"}],"predecessor-version":[{"id":15015,"href":"https:\/\/www.zsben.cz\/labyrint\/index.php?rest_route=\/wp\/v2\/pages\/4362\/revisions\/15015"}],"wp:attachment":[{"href":"https:\/\/www.zsben.cz\/labyrint\/index.php?rest_route=%2Fwp%2Fv2%2Fmedia&parent=4362"}],"curies":[{"name":"wp","href":"https:\/\/api.w.org\/{rel}","templated":true}]}}